ided by 118.
30
What is the remainder when 1334 is divided by 7?
4
Calculate the remainder when 3970 is divided by 102.
94
Calculate the remainder when 727 is divided by 10.
7
Calculate the remainder when 87 is divided by 8.
7
What is the remainder when 2190 is divided by 436?
10
What is the remainder when 1937 is divided by 28?
5
What is the remainder when 979 is divided by 3?
1
What is the remainder when 66 is divided by 17?
15
What is the remainder when 299 is divided by 18?
11
Calculate the remainder when 1759 is divided by 22.
21
Calculate the remainder when 802 is divided by 203.
193
Calculate the remainder when 1282 is divided by 12.
10
What is the remainder when 413 is divided by 9?
8
What is the remainder when 224 is divided by 77?
70
What is the remainder when 5809 is divided by 7?
6
Calculate the remainder when 96 is divided by 86.
10
Calculate the remainder when 1347 is divided by 21.
3
Calculate the remainder when 325 is divided by 5.
0
What is the remainder when 75 is divided by 13?
10
What is the remainder when 3828 is divided by 7?
6
What is the remainder when 220 is divided by 37?
35
Calculate the remainder when 37 is divided by 14.
9
Calculate the remainder when 7954 is divided by 8.
2
What is the remainder when 896 is divided by 178?
6
Calculate the remainder when 489 is divided by 70.
69
Calculate the remainder when 4232 is divided by 29.
27
What is the remainder when 34 is divided by 18?
16
Calculate the remainder when 416 is divided by 28.
24
Calculate the remainder when 3220 is divided by 641.
15
Calculate the remainder when 1901 is divided by 16.
13
Calculate the remainder when 121 is divided by 15.
1
Calculate the remainder when 1395 is divided by 102.
69
What is the remainder when 925 is divided by 16?
13
Calculate the remainder when 489 is divided by 160.
9
Calculate the remainder when 124 is divided by 15.
4
Calculate the remainder when 303 is divided by 22.
17
Calculate the remainder when 715 is divided by 303.
109
What is the remainder when 82 is divided by 6?
4
What is the remainder when 68 is divided by 58?
10
Calculate the remainder when 2302 is divided by 25.
2
Calculate the remainder when 221 is divided by 165.
56
Calculate the remainder when 704 is divided by 229.
17
What is the remainder when 477 is divided by 20?
17
Calculate the remainder when 222 is divided by 103.
16
Calculate the remainder when 149 is divided by 74.
1
What is the remainder when 3457 is divided by 13?
12
What is the remainder when 69 is divided by 24?
21
What is the remainder when 255 is divided by 235?
20
What is the remainder when 45721 is divided by 23?
20
Calculate the remainder when 469 is divided by 51.
10
What is the remainder when 441 is divided by 4?
1
Calculate the remainder when 4683 is divided by 1170.
3
Calculate the remainder when 4453 is divided by 9.
7
What is the remainder when 122072 is divided by 134?
132
Calculate the remainder when 20864 is divided by 107.
106
Calculate the remainder when 44 is divided by 40.
4
What is the remainder when 233 is divided by 22?
13
Calculate the remainder when 268 is divided by 55.
48
What is the remainder when 47 is divided by 24?
23
What is the remainder when 189 is divided by 87?
15
Calculate the remainder when 1439 is divided by 13.
9
Calculate the remainder when 2734 is divided by 6.
4
Calculate the remainder when 568 is divided by 257.
54
Calculate the remainder when 290 is divided by 55.
15
Calculate the remainder when 2015 is divided by 101.
96
What is the remainder when 136 is divided by 47?
42
Calculate the remainder when 1580 is divided by 44.
40
Calculate the remainder when 262 is divided by 84.
10
What is the remainder when 658 is divided by 111?
103
What is the remainder when 384 is divided by 20?
4
Calculate the remainder when 231 is divided by 60.
51
What is the remainder when 252 is divided by 19?
5
Calculate the remainder when 2329 is divided by 37.
35
What is the remainder when 879 is divided by 40?
39
Calculate the remainder when 840 is divided by 266.
42
Calculate the remainder when 865 is divided by 15.
10
Calculate the remainder when 1528 is divided by 59.
53
Calculate the remainder when 55 is divided by 3.
1
What is the remainder when 157 is divided by 34?
21
What is the remainder when 66 is divided by 18?
12
Calculate the remainder when 556 is divided by 20.
16
What is the remainder when 117 is divided by 54?
9
Calculate the remainder when 44 is divided by 42.
2
What is the remainder when 1182 is divided by 405?
372
Calculate the remainder when 334 is divided by 8.
6
What is the remainder when 442 is divided by 37?
35
Calculate the remainder when 2872 is divided by 90.
82
What is the remainder when 99 is divided by 20?
19
What is the remainder when 426 is divided by 206?
14
What is the remainder when 183 is divided by 104?
79
What is the remainder when 5621 is divided by 16?
5
What is the remainder when 618 is divided by 155?
153
Calculate the remainder when 113 is divided by 13.
9
Calculate the remainder when 48 is divided by 47.
1
What is the remainder when 403 is divided by 15?
13
Calculate the remainder when 89 is divided by 32.
25
What is the remainder when 198 is divided by 49?
2
What is the remainder when 207 is divided by 19?
17
Calculate the remainder when 506 is divided by 85.
81
What is the remainder when 91 is divided by 42?
7
What is the remainder when 192 is divided by 51?
39
Calculate the remainder when 478 is divided by 12.
10
Calculate the remainder when 1545 is divided by 193.
1
What is the remainder when 215 is divided by 56?
47
Calculate the remainder when 240 is divided by 22.
20
What is the remainder when 191 is divided by 8?
7
What is the remainder when 116 is divided by 9?
8
Calculate the remainder when 1327 is divided by 18.
13
Calculate the remainder when 1262 is divided by 357.
191
Calculate the remainder when 83 is divided by 18.
11
What is the remainder when 81 is divided by 41?
40
What is the remainder when 245 is divided by 115?
15
Calculate the remainder when 213 is divided by 149.
64
Calculate the remainder when 927 is divided by 463.
1
What is the remainder when 154 is divided by 77?
0
Calculate the remainder when 484 is divided by 130.
94
Calculate the remainder when 620 is divided by 89.
86
What is the remainder when 4671 is divided by 8?
7
Calculate the remainder when 48 is divided by 41.
7
What is the remainder when 69 is divided by 19?
12
What is the remainder when 52 is divided by 8?
4
Calculate the remainder when 651 is divided by 5.
1
What is the remainder when 679 is divided by 11?
8
Calculate the remainder when 2877 is divided by 64.
61
Calculate the remainder when 326 is divided by 31.
16
Calculate the remainder when 828 is divided by 53.
33
Calculate the remainder when 1411 is divided by 460.
31
Calculate the remainder when 669 is divided by 176.
141
What is the remainder when 941 is divided by 59?
56
What is the remainder when 94 is divided by 22?
6
What is the remainder when 356 is divided by 158?
40
Calculate the remainder when 139 is divided by 14.
13
Calculate the remainder when 1104 is divided by 14.
12
What is the remainder when 1671 is divided by 238?
5
What is the remainder when 38 is divided by 38?
0
What is the remainder when 216 is divided by 95?
26
What is the remainder when 416 is divided by 15?
11
Calculate the remainder when 227 is divided by 44.
7
What is the remainder when 691 is divided by 341?
9
What is the remainder when 1003 is divided by 23?
14
Calculate the remainder when 401 is divided by 176.
49
What is the remainder when 495 is divided by 73?
57
Calculate the remainder when 13328 is divided by 62.
60
What is the remainder when 1631 is divided by 64?
31
Calculate the remainder when 103 is divided by 26.
25
Calculate the remainder when 1380 is divided by 1367.
13
Calculate the remainder when 3321 is divided by 19.
15
What is the remainder when 4220 is divided by 176?
172
Calculate the remainder when 199 is divided by 37.
14
What is the remainder when 318 is divided by 54?
48
Calculate the remainder when 155 is divided by 32.
27
Calculate the remainder when 854 is divided by 9.
8
Calculate the remainder when 179 is divided by 96.
83
Calculate the remainder when 1768 is divided by 17.
0
C